ppose 33*f + 746981 - 7114694 = 0. Is f a composite number?
False
Let z(n) = -300*n + 109. Let d be z(-22). Suppose 13*t - d = 7890. Is t composite?
False
Suppose 10*s - 395657 - 181243 = 0. Let h be (2/(-3))/((-5)/s*3). Suppose 72*u - h = 70*u. Is u prime?
False
Let k be ((-16194)/(-30))/((-3)/(-15)). Let f = k + -1062. Is f composite?
False
Let l be (-18888)/16 - (-2)/4. Suppose -66*k = -61*k - 16155. Let c = l + k. Is c a composite number?
True
Suppose 12*n + 6774 = 15*n. Let x be (6 - 9/3) + n. Let h = 3474 - x. Is h a composite number?
False
Suppose 162*t - 17356972 - 112382510 = 0. Is t composite?
False
Let y = -63 - -68. Suppose 4*s + 1812 = 4*h, -2*h + s = -3*s - 902. Suppose -h = -y*i + 9810. Is i a prime number?
True
Let m(a) = -a**2 + a. Let f(q) = -3*q**3 + 7*q**2 - 22*q - 15. Let j(o) = f(o) - 6*m(o). Is j(-12) a prime number?
False
Let m(w) = 16*w**2 + 22*w + 2. Let l(s) = 5*s + 179. Let r be l(-37). Is m(r) a prime number?
False
Let c = 100 - 99. Let l be ((6 - 1) + 8814)*c. Suppose 2 = 5*b + 27, -4*b = -3*s + l. Is s a prime number?
False
Suppose 1099431 - 1687862 = -12*f + 2001997. Is f composite?
True
Suppose -134 + 149 = 3*p. Let s be 4 + (-1 + p)*(-10)/(-4). Is ((-1)/3)/(s/(-411222)) composite?
False
Let r = 20165 - -49682. Is r composite?
False
Let o be 19/4 - (-567)/(-324). Suppose 2*y = o*y - 307. Is y a prime number?
True
Suppose p + 392729 = i, i + 4*p + 215799 = 608568. Is i prime?
True
Let c(k) = 97*k**3 + 4*k**2 + 46*k - 136. Is c(15) a prime number?
True
Let f(s) = s**3 + 7*s**2 - 5*s - 1. Let l(k) = 13 + 5*k + 5*k - 7*k - 4. Let v be l(-5). Is f(v) a prime number?
False
Let d be ((-14)/(15 + -8))/((-2)/4). Let a be (d/(-8))/((-3)/(-17826)). Let y = a + 4998. Is y composite?
False
Let w be 12287*10*2*(-9)/(-45). Suppose -311*t - w = -315*t. Is t a prime number?
False
Suppose -7*n + 10*n - 3*k = 1553145, -4*n + 3*k = -2070864. Is n a composite number?
True
Let p be ((-15)/(-21) - 1)*-14. Suppose 3*q - 5*v - 205 = -v, p*v = -3*q + 173. Is 18810/q - 8/14 prime?
False
Let v(b) = 57*b - 348. Let x be v(6). Let a(u) = -4*u + 3*u**2 - u**2 - 13 + 0*u**2. Is a(x) a prime number?
True
Suppose 118*n + 107 = 119*n. Let w be ((-249)/(-2))/(3/4). Let y = w - n. Is y composite?
False
Is -3 + 4 - (-2630 + 74) composite?
False
Let z = -49 - -37. Let f(d) = d**2 + 17*d + 66. Let n be f(z). Suppose 0 = n*o + 5*o - 8129. Is o a prime number?
True
Let u = 22002 + 2195. Is u a composite number?
False
Let f = 458 + -459. Let s(j) = -2652*j**3 - j**2 - 4*j - 2. Is s(f) a prime number?
False
Let b(a) = 79*a**3 + 2*a**2 - 5*a + 5. Suppose j + h = -j + 8, 5*j = 3*h - 2. Suppose -x - j*x + 5 = -2*f, 0 = -2*f - 3*x + 13. Is b(f) a prime number?
False
Suppose -3*r + 31 = -3*j + 2*r, 2*j + 12 = -r. Let h(w) = -6*w**3 + 10*w**2 + 3*w - 6. Is h(j) prime?
True
Suppose 24*n = 34*n - 5080. Let w = 228 - 437. Let k = w + n. Is k a composite number?
True
Let w = -710415 - -1076444. Is w composite?
False
Let v = -245 - -546. Let w = v + 18. Is w prime?
False
Let w(c) = 220*c**2 + 12*c - 351. Is w(14) prime?
True
Let i be (-1 + -4)/(-2*(-7)/(-42)). Suppose i*f - 10589 = 18046. Is f composite?
True
Let o be (-5)/(75/(-186)) + 4/(-10). Suppose o = 4*v + 4. Suppose -v = 5*a + 3, -a = 4*r - 4603. Is r a composite number?
False
Let b be -24 + -11 + 4/(-2). Let v = 40 + b. Is 560 + 3 + 9/v a composite number?
True
Let g(s) = 16*s + 23. Let i be 13/(-2) - -3 - (-6)/(-12). Let b be (-435)/(-18) - i/(-24). Is g(b) prime?
False
Suppose 0 = 696*t - 710*t + 102886. Let o = 11180 - t. Is o composite?
True
Suppose 5*c + 4*v + 1 = 3*v, -4*v = -4*c + 4. Let y be (-57)/(-76)*(c + 164). Let r = 256 + y. Is r composite?
False
Suppose -84 = -3*y - 30. Suppose -12 = -4*l + 4*f, -3*l + y = -f + 5. Suppose 3*d + d = l*t - 7527, -1501 = -t + 3*d. Is t composite?
True
Suppose 14*q + 312 = 17*q. Suppose -113*p = -q*p - 87903. Is p prime?
True
Let n = -646 + 3436. Let u = n + -1847. Is u a composite number?
True
Let b(p) = -p**2 + 15*p - 1. Let h be b(12). Let x = h + -38. Is x/2 - 2241/(-2) composite?
True
Let b be (((-386410)/20)/17)/((-1)/2). Let w = b - 1596. Is w a prime number?
True
Let d(t) = -5146*t**3 + t**2 + 4*t + 7. Let k(q) = -10292*q**3 + q**2 + 7*q + 15. Let p(m) = 7*d(m) - 3*k(m). Is p(-1) prime?
True
Let o(s) = 128*s**2 - 10*s + 451. Is o(48) a composite number?
True
Is 6/(-36) + 1188055/6 + -3 + 7 composite?
False
Let p(l) = -199*l**2 - 22*l + 90. Let w(a) = 100*a**2 + 11*a - 45. Let n(o) = 2*p(o) + 5*w(o). Is n(6) a composite number?
True
Let a(i) = 5*i**3 - 41*i**2 - 49*i - 126. Is a(41) composite?
True
Let n = -128 - -868. Let a = -10561 - -10834. Let m = n - a. Is m a prime number?
True
Suppose -43*g = -34*g. Suppose w - 2400 = -4*a, 3*a + 8*w = 4*w + 1813. Suppose h = -2*x + 292 + 25, 2*h - 3*x - a = g. Is h a composite number?
False
Is 8*75/360*352306*(-12)/(-40) a composite number?
False
Let n(t) = -t**3 + 8*t**2 - 5*t + 117. Let r be n(9). Is ((-598664)/(-12))/11 - (-3)/r composite?
True
Let a(y) = 111*y**2 + 13*y + 63. Let h = 39 + -50. Let c be a(h). Suppose 5*n - 5*q - 13350 = 0, -n - 4*q - c = -6*n. Is n a composite number?
False
Let j(k) = -5656*k + 9. Let b be j(-1). Let h = b + 4752. Is h composite?
True
Let d = 71298 - -110769. Is d a composite number?
True
Suppose -12*l + 304 = -4*l. Suppose 0 = 2*g - 4*d + 1718, -1443 = 4*g + 4*d + 2053. Let z = l - g. Is z prime?
True
Let i(z) = -3*z**3 - 8*z**2 + 54*z + 847. Is i(-30) composite?
True
Let q be 711/(-36) - ((-10)/8)/(-1). Let c(f) = -7*f - 28. Is c(q) prime?
False
Suppose -64*v = -66*v - 3*u + 204248, -4*v = -2*u - 408480. Is v composite?
False
Suppose -536223 = -38*s + 1271425 - 6410. Is s prime?
False
Let j be ((-2)/((-4)/(-2)))/((-5)/10225). Let a = -539 - j. Let p = 5045 + a. Is p a composite number?
True
Let i = 5115 - 8370. Let g = -5124 - 526. Let a = i - g. Is a prime?
False
Let n = -36 - -30. Let d be (-45)/n*24/36. Is (-2*d)/((-28)/70) a composite number?
True
Suppose 121 + 94 = 5*l. Let f = 42 - l. Is ((-22632)/15)/(-4) - f/(-5) prime?
False
Suppose 7*u = 3*u - 8. Let y be (5 + u - 0) + 2. Suppose -y*t + 259 = -3*j, 4*t - 216 = -7*j + 5*j. Is t a composite number?
False
Suppose -1730488 = -49*h - 1384354 + 2572159. Is h composite?
False
Let j(z) = -80*z**2 - z + 4. Let t be j(4). Let b = 1662 - t. Is b a prime number?
False
Suppose -94 = -0*r - 3*r + 5*u, 107 = 4*r - 3*u. Suppose 5 = -6*b + r. Suppose 4*n = s - 3062, -5*s + 0*n + 15310 = -b*n. Is s composite?
True
Let q be 9188*(132/48 + (-2)/(-4)). Let z = q - 19632. Is z a composite number?
True
Suppose m + 3*k + 4474 = 2*m, -3*m = -3*k - 13434. Let l = m + -1093. Is l composite?
True
Suppose -25*w = -21*w - 2*t - 273314, -9*t = w - 68338. Is w a composite number?
False
Let x(l) = 6*l - 40. Let p be x(9). Let o be (14/(-3))/(p/(-21)). Suppose o*k + 0*k = 5306. Is k a prime number?
False
Let g = 18627 + 16130. Is g a prime number?
True
Let w be 26/(-52) - 18/(-4). Suppose 4352 = -w*z + a, 2*a = -2*z - 0*a - 2166. Let s = 2010 + z. Is s composite?
True
Let t be ((-12)/(-10))/(7/70). Let v(k) = -5*k - 36*k - 14 + t*k. Is v(-17) a prime number?
True
Let d(z) = -2449*z + 87. Suppose 4*g - 6 = 5*w - 34, 5*w = 20. Is d(g) a prime number?
False
Let v(r) be the second derivative of 25*r**3 - 313*r**2/2 - 109*r. Is v(23) a prime number?
True
Let a = 63526 + -89497. Is (1 + 0)/((-3)/a) a prime number?
False
Let b = -6151 - -10617. Let h = -304 + b. Is h composite?
True
Let s(l) = -l**3 + 10*l**2 + 5. Let q be s(11). Let t be (5 - q/(-28))/(2/7). Suppose 3*j + 2*j - 13947 = -2*v, -t*j + 4*v = -8363. Is j a composite number?
False
Let h(x) = x**3 - 3*x**2 + 7*x - 4. Suppose 0 = -5*t - 2*n + 10, -5*n - 5 = -4*t + 3. Let d be h(t). Suppose -d*c + 5*c + 2177 = 0. Is c composite?
True
Let d be 23/((-161)/126)*(-13150)/(-6). Is -2*1/5*d/12 composite?
True
Suppose -4*y + 18342 = 3*m - 3091, 0 = 4*m - 4*y - 28624. Is m a composite number?
False
Let k = 51721 + 123666. Is k composite?
True
Let x be (84/(-91))/6 - (-678)/13. Suppose x*j - 46*j - 57930 = 0. Is j composite?
True
Let t = -16 + 23. Suppose 4*a + 2*w = t*w + 22, 0 = -a + 4*w + 11. Suppose 0 = -a*m - 3*b + 115 + 5, 2*m = 4*b + 62. Is m a prime number?
True
Suppose 4*x = -4*d + 194236, -2